).
-6
Let z(q) = -20*q + 1001. Let j(p) = -9*p + 430. Let u(n) = 7*j(n) - 3*z(n). Suppose -14 - 10 = -4*x. Give u(x).
-11
Suppose -f - 2*t = -13, -4*t = 493*f - 498*f + 9. Let o(z) = -z**3 + 8*z**2 - 4*z - 2. Give o(f).
53
Let q(r) = -1310*r + 2623. Let t be q(2). Let i(k) = 0*k - k - 1 - 2*k. Determine i(t).
-10
Let f(x) = -11*x + 27. Let v be f(2). Let z(q) = q - 9. Let p be z(v). Let r(a) = -a**2 - 7*a - 6. What is r(p)?
6
Let n(z) = -381*z**3 + 215*z**2 + 3 + 213*z**2 + 382*z**3 - 435*z**2 + 9*z. Determine n(5).
-2
Let w(n) = -n**2 - 23*n + 111. Let t be w(-27). Let v(q) = -1669*q**t + 9*q + 1670*q**3 + q**2 + q + 4 - 10*q**2. Give v(8).
20
Let i(c) = c**2 - 7*c + 10. Let t be i(5). Suppose 0*x - x = -3*p + 8, 0 = -5*p + 5*x. Let y(z) = 4*z - 3 + t - 5*z + p. Give y(5).
-4
Suppose -8*n - n = -18. Suppose 3*h + n*h - 54 = 2*x, -2*x = -2*h + 18. Let m(c) = 2 - c + 12 + 2*c - h. Determine m(7).
9
Let b(p) = -6*p - 56. Suppose 0 = -3*n - 2*n - 34 + 4. Calculate b(n).
-20
Let n(i) = -i**3 + 10*i**2 - 10*i + 7. Let c be 2492/308 - 1/11. Suppose c = 4*b - 28. Calculate n(b).
-2
Let l = -52 - -49. Let p(a) be the third derivative of -a**5/60 + a**3 + 3*a**2 - 471*a. Determine p(l).
-3
Let v(o) = 12*o - 75. Suppose -255 = -28*p - 87. Calculate v(p).
-3
Let c = -25 + 49. Suppose -f + 12 = 3*j, -f + 5*j = f - c. Let k(r) = f*r + 12*r + 3 - 23*r - 5. Calculate k(-5).
-7
Let o(u) = u**3 + 0*u**3 - 913549*u**2 + 2*u + 10 + 913545*u**2. What is o(3)?
7
Let z(j) = -j**3 + 6*j**2 + 11*j - 9. Suppose -71 = 9*g - 134. Determine z(g).
19
Let v(p) be the second derivative of -7*p**3/2 - 79*p**2/2 - 27*p + 1. Determine v(-3).
-16
Let a be (-7 + -6)*(0 - 1). Suppose 0 = -5*z + 113 - 28. Suppose -4*u - i = a, u = -5*i + 2*i - z. Let m(o) = 4*o - 2. Calculate m(u).
-10
Let y(t) = -11*t + 24. Let k(u) = -u**3 + 15*u**2 - 15*u + 10. Let c be k(14). Let x(m) = -25*m + 49. Let q(z) = c*x(z) + 9*y(z). Give q(-15).
5
Let k = 51 - 46. Suppose 2*p - 4*f = 8, 4*f = k*p - 13 - 13. Suppose 13*h - p*h + 21 = 0. Let c(u) = -6*u + 1. Calculate c(h).
19
Let s(r) be the third derivative of -17*r**4/12 + 43*r**3/6 + 34*r**2 - 15*r - 6. Determine s(2).
-25
Suppose 10 = 5*k - 30. Let m = 49 - k. Suppose -13 = 9*u + m. Let j(l) = -l**3 - 6*l**2 + 2*l + 3. Give j(u).
-9
Let x be (0 + (-12)/8)*-2. Suppose -9*f + x = 3. Suppose f = -5*v + 10*v - 20. Let b(m) = -m**3 + 5*m**2 - 4*m - 1. What is b(v)?
-1
Let b(m) = -m + 22. Let p(q) = q**2 + 8*q + 13. Let y be p(-7). Suppose y*i + 2*i = 144. Give b(i).
4
Let q(z) = 20*z**3 - 3*z**2 - 2*z. Let i = 1060 - 1061. Determine q(i).
-21
Let k(t) = -t. Suppose -72 = -2*y + 46. Suppose -3*i = -2*u + y, 9 = 3*i - 6. Let d = 34 - u. Calculate k(d).
3
Suppose 0 = -4*x - 0*x + 16. Let n = 9 + 0. Let j(l) = 5 - 24 + n + 3*l**2 - l**3 + 13. Give j(x).
-13
Let i(d) = -7*d - 14. Let g(h) = 29*h + 55. Let j(c) = 2*g(c) + 9*i(c). Let u(b) = 7*b + 24. Let o(p) = 8*j(p) + 5*u(p). Calculate o(-6).
22
Let s be -11 + 7 + 28/(-14). Let q(x) = x**3 + 5*x**2 - 4*x + 17. Calculate q(s).
5
Let c(z) = -21*z**2 + 34*z - 93. Let d(l) = -26*l**2 + 35*l - 95. Let o(x) = 5*c(x) - 4*d(x). Give o(27).
-4
Let v(a) be the first derivative of a**4/4 - 5*a**3/3 - 5*a**2/2 - 4*a + 3246. Determine v(4).
-40
Let u(k) = -7*k**2 - k - 5. Let r = -434 + 440. Let o(c) = 6*c**2 + c + 6. Let f(p) = r*u(p) + 5*o(p). Calculate f(2).
-50
Let d(a) = -70*a + 51. Suppose -4*l + 8*l + 5 = -v, -3*v + 2*l = 29. Let k(x) = -16*x + 13. Let j(q) = v*k(q) + 2*d(q). Calculate j(6).
9
Suppose -41 - 49 = -5*w. Suppose 14*k = -w + 4. Let j(q) = 40*q**3 - 2*q**2 + 1. Calculate j(k).
-41
Let b(a) = -3*a - 2. Let t(i) = i + 1. Let q(h) = b(h) + 2*t(h). Let u = -48883 - -48887. Give q(u).
-4
Suppose -18 = 9*y - 6*y. Let z be (-1)/((-12)/(-18))*y/(-3). Let l(m) = -m - 7. What is l(z)?
-4
Let k(z) = 5*z**2 + 212 + 16*z - 6*z**2 + 225 - 426. What is k(16)?
11
Let m(y) be the second derivative of y**4/12 + 5*y**3/6 - y**2/2 - 5*y. Let a(l) = -l**3 + 4*l - 18. Let h be a(-6). Suppose -3*z + 32*z + h = 0. Give m(z).
5
Let i(a) = -a**3 + 2*a**2 + 4*a + 1. Suppose -2*y + 7 = z - 0, z = 2*y - 1. Let m be z*1 - (-2)/(8/36). Let h be (-6)/m - 18/(-4). Calculate i(h).
-15
Let c(y) = 77*y**3 + 3*y**2 + 10*y + 7. Let v(m) = 115*m**3 + 5*m**2 + 16*m + 11. Suppose 48 = 13*t - 7*t. Let k(d) = t*c(d) - 5*v(d). Determine k(1).
41
Let s(k) = -4*k**2 - 18*k + 32. Let g(x) = -9*x**2 - 37*x + 64. Let h(b) = -5*g(b) + 11*s(b). Give h(9).
-4
Let i(m) be the first derivative of -5/2*m**2 + 1 - 2/3*m**3 - 3*m. Suppose -220*z + 3*q + 31 = -221*z, -z = -5*q - 41. Determine i(z).
-15
Let t(g) = -g**3 - 8*g**2 - 6. Let i be 868/36*3 + 4/(-12). Let k(r) = 9*r**3 - 3*r**2 + 3*r - 2. Let m be k(2). Let y = m - i. Determine t(y).
-6
Let l(f) = -14*f**3 + 26*f**2 - 21*f + 38. Let k(w) = 5*w**3 - 9*w**2 + 7*w - 13. Let y(d) = 11*k(d) + 4*l(d). What is y(4)?
-3
Let w(u) = 2*u**3 - 8*u**2 + 2*u + 19. Let k be w(2). Let y(r) = -r + 23. Calculate y(k).
16
Let o(y) = y**3 - 3*y**2 - 2*y - 4. Let d = 46 - 47. Let b be (d/(3 - 1))/((-18)/(-144)). Let k be 0 + b/(-2) + 2. Determine o(k).
4
Let s = 18365/36722 + -2/18361. Let h(o) be the second derivative of -13*o - 1/6*o**3 + 0 + s*o**2 - 1/12*o**4. What is h(-4)?
-11
Let y = 390 - 381. Let b(c) = 1 + 0 + 4*c - 2*c + y + 0*c. Determine b(-4).
2
Let s(m) be the second derivative of m**5/20 + m**3/6 + m. Let q(j) = -13275*j + 13277. Let t be q(1). What is s(t)?
10
Let p(t) = -7*t**2 + 8*t + 5. Suppose -5*v = -20, -5 = 5*m - 2*v - 17. Let b(l) = 2*l**2 + l + 1. Let h(c) = m*b(c) + p(c). Determine h(-9).
-18
Let f(v) be the third derivative of -v**6/120 - v**5/5 - v**4/3 + 3*v**3/2 - 10*v**2 - 70. Determine f(-11).
-24
Suppose 6*l = 2*z + 9*l + 13, -5*z = -3*l - 20. Let i(x) = 3*x - 2*x - 9 - 4*x + z + x. Determine i(0).
-8
Let l(i) be the third derivative of i**5/120 - i**4/6 + 11*i**3/6 + 31*i**2. Let u(c) be the first derivative of l(c). What is u(-3)?
-7
Suppose 0 = -5*c + 22 + 3. Let z(d) = -2 + d**3 + 4 - 3*d**2 + 6*d**2 - c*d. Suppose 3*o - 2*s = 7, 240*o = 253*o - 3*s + 32. Determine z(o).
-23
Let q = -3831 + 3825. Let h(j) = j**2 + 4*j + 6. What is h(q)?
18
Let i(v) be the first derivative of -v**4/4 - 7*v**3/3 - v**2 - 14*v - 9323. Let s be 1/((-32)/28 + 1). What is i(s)?
0
Let u(v) = -v**3 + 5*v**2 + 11*v - 61. Let s(k) = k**3 - 7*k**2 - 151*k + 1148. Let l be s(8). Determine u(l).
-1
Let a(w) be the second derivative of w**4/12 + w**3/3 - 4*w**2 - 1086*w. Determine a(0).
-8
Let n be (-15)/(-24)*(-312)/(-39). Suppose 2*w + 2*w + d + 15 = 0, 0 = -3*w - 2*d - n. Let s(b) be the second derivative of b**3/6 + 3*b**2 + b. What is s(w)?
1
Let n(m) = -m**3 + 4*m**2 - m - 139. Let w(u) = -u**3 + u**2 + 2*u. Let t be w(0). Calculate n(t).
-139
Let q(f) = -2*f**3 - 21*f**2 - 10*f + 7. Suppose -3*l - 4*y - 10 = 0, -4*l - 3*y = 295 - 270. Determine q(l).
7
Let x(b) = -11*b - 878 + b**3 - 4*b + 885 - 5*b**2. Give x(7).
0
Let h(b) = -2*b - 11. Let m(t) = t + 5. Let p(x) = -4*h(x) - 9*m(x). Let z(a) = a**3 - 7*a**2 + 13*a - 35. Let l be z(6). Determine p(l).
-8
Let m be ((-7 - -5)/(-2))/(2/414). Let p(a) = -m + 210 + 3*a + 2*a. What is p(4)?
23
Let g(h) = 29*h - 181. Let f = 24151 - 24145. Calculate g(f).
-7
Let f(x) = 2 + 7*x**2 + 19*x - 41*x + 14*x. Let v(u) = 15*u**2 - 16*u + 4. Suppose -53 - 1 = -9*h. Let z(j) = h*v(j) - 13*f(j). Determine z(7).
5
Let k(o) = -7*o**3 + 176*o**2 - 25*o - 7. Let q be (-10)/(-3)*((-1311)/(-190) + 3/5). Give k(q).
-7
Let d(w) = 5*w + 1. Let r(x) = -x. Let u(k) = d(k) - 3*r(k). Suppose 0 = 42*y - 32*y - 760. Suppose 62*c - 14 = y*c. Calculate u(c).
-7
Let j be (-1)/(-2) - (-87)/(-2). Let n = 50 + j. Let z(x) = -3 - n + 21 - 6 - x. What is z(4)?
1
Let l(z) = -295*z + 573*z - 3 - 280*z - 4*z**2 - 5*z**2. Suppose 5*y - 7 = g, 2*y - 12 = 4*g - 2*y. Determine l(g).
-35
Let v(b) = 7*b**2 - 10*b - 2. Let p(i) = -10*i**2 + 15*i + 3. Let m(c) = -5*p(c) - 7*v(c). Suppose 3*f + 3*l - 9 = 0, 27*f - l = 25*f + 15. Give m(f).
5
Let h = 6 - 86. Let y = 82 + h. Let d(m) = -m**y - m**2 - 7 + m - 3*m**2 + 6*m**2. Calculate d(0).
-7
Let p(n) be the second derivative of n**6/60 - n**5/60 + 49*n**3 + 13*n + 2. Let l(z) be the second derivative of p(z). Determine l(-1).
8
Let m(v) = v**3 + v**2 +